4
Calculate the remainder when 542 is divided by 527.
15
Calculate the remainder when 161202 is divided by 4.
2
Calculate the remainder when 17383 is divided by 328.
327
Calculate the remainder when 479 is divided by 154.
17
Calculate the remainder when 225186 is divided by 25.
11
What is the remainder when 133787 is divided by 66892?
3
Calculate the remainder when 145523 is divided by 14.
7
Calculate the remainder when 3990 is divided by 1275.
165
Calculate the remainder when 72575 is divided by 209.
52
What is the remainder when 8013 is divided by 169?
70
What is the remainder when 199165 is divided by 66377?
34
Calculate the remainder when 251319 is divided by 14.
5
Calculate the remainder when 1711678 is divided by 32.
30
What is the remainder when 1894 is divided by 1734?
160
Calculate the remainder when 3671 is divided by 3496.
175
What is the remainder when 77351 is divided by 264?
263
Calculate the remainder when 41357 is divided by 13719.
200
Calculate the remainder when 2182 is divided by 2058.
124
Calculate the remainder when 2815 is divided by 252.
43
What is the remainder when 2382 is divided by 1191?
0
What is the remainder when 203591 is divided by 24?
23
What is the remainder when 9032 is divided by 277?
168
Calculate the remainder when 64093 is divided by 15.
13
What is the remainder when 2396 is divided by 874?
648
What is the remainder when 14189 is divided by 1090?
19
What is the remainder when 30163 is divided by 229?
164
What is the remainder when 35643 is divided by 173?
5
What is the remainder when 52062 is divided by 6507?
6
What is the remainder when 2632843 is divided by 29?
20
Calculate the remainder when 111690 is divided by 14.
12
Calculate the remainder when 316534 is divided by 85.
79
What is the remainder when 2171 is divided by 1454?
717
What is the remainder when 26471 is divided by 913?
907
What is the remainder when 27198 is divided by 27173?
25
Calculate the remainder when 1709952 is divided by 555.
552
What is the remainder when 55921 is divided by 33?
19
Calculate the remainder when 10720 is divided by 97.
50
What is the remainder when 1583 is divided by 1571?
12
What is the remainder when 2774 is divided by 601?
370
Calculate the remainder when 5741560 is divided by 237.
235
What is the remainder when 2995 is divided by 264?
91
Calculate the remainder when 1481 is divided by 197.
102
What is the remainder when 17008 is divided by 30?
28
What is the remainder when 31228 is divided by 64?
60
Calculate the remainder when 2649 is divided by 220.
9
Calculate the remainder when 11366 is divided by 471.
62
What is the remainder when 37302 is divided by 84?
6
What is the remainder when 250 is divided by 72?
34
What is the remainder when 9058 is divided by 103?
97
What is the remainder when 17108305 is divided by 153?
151
Calculate the remainder when 7884 is divided by 70.
44
What is the remainder when 15535 is divided by 44?
3
Calculate the remainder when 104273 is divided by 104214.
59
Calculate the remainder when 1393425 is divided by 52.
33
What is the remainder when 210054 is divided by 1391?
13
Calculate the remainder when 32301 is divided by 1906.
1805
Calculate the remainder when 188832 is divided by 8583.
6
Calculate the remainder when 638774 is divided by 227.
223
What is the remainder when 376535 is divided by 328?
319
Calculate the remainder when 20915 is divided by 109.
96
What is the remainder when 10872 is divided by 362?
12
What is the remainder when 96094 is divided by 96083?
11
Calculate the remainder when 16549 is divided by 16546.
3
What is the remainder when 167 is divided by 58?
51
Calculate the remainder when 52164 is divided by 19.
9
What is the remainder when 7286 is divided by 332?
314
What is the remainder when 8159 is divided by 620?
99
What is the remainder when 178426 is divided by 2150?
2126
What is the remainder when 19062 is divided by 18924?
138
What is the remainder when 2537 is divided by 671?
524
What is the remainder when 1612 is divided by 161?
2
Calculate the remainder when 4635 is divided by 306.
45
Calculate the remainder when 125988 is divided by 62993.
2
What is the remainder when 15674 is divided by 27?
14
What is the remainder when 50757 is divided by 13?
5
Calculate the remainder when 241608 is divided by 74.
72
What is the remainder when 1327 is divided by 41?
15
What is the remainder when 800907 is divided by 495?
492
Calculate the remainder when 69522 is divided by 337.
100
Calculate the remainder when 1019103 is divided by 66.
63
What is the remainder when 206092 is divided by 51515?
32
What is the remainder when 17066 is divided by 2133?
2
What is the remainder when 26418 is divided by 36?
30
Calculate the remainder when 306292 is divided by 71.
69
What is the remainder when 167305 is divided by 73?
62
What is the remainder when 40931 is divided by 1958?
1771
Calculate the remainder when 45913 is divided by 15304.
1
Calculate the remainder when 80154 is divided by 10017.
18
Calculate the remainder when 2857 is divided by 727.
676
Calculate the remainder when 12396 is divided by 44.
32
What is the remainder when 729061 is divided by 56?
53
Calculate the remainder when 4486 is divided by 2145.
196
Calculate the remainder when 5413 is divided by 5403.
10
What is the remainder when 20016 is divided by 46?
6
What is the remainder when 195652 is divided by 1081?
1072
What is the remainder when 296910 is divided by 327?
321
What is the remainder when 520378 is divided by 882?
880
What is the remainder when 9116 is divided by 39?
29
What is the remainder when 1341071 is divided by 278?
277
Calculate the remainder when 10227 is divided by 1135.
12
Calculate the remainder when 1132 is divided by 1054.
78
What is the remainder when 91470 is divided by 126?
120
Calculate the remainder when 1960 is divided by 353.
195
Calculate the remainder when 1147 is divided by 32.
27
Calculate the remainder when 32360 is divided by 717.
95
What is the remainder when 17250 is divided by 19?
17
What is the remainder when 486 is divided by 142?
60
Calculate the remainder when 53807 is divided by 97.
69
What is the remainder when 67446 is divided by 30?
6
Calculate the remainder when 22943 is divided by 14.
11
What is the remainder when 164694 is divided by 39?
36
Calculate the remainder when 25380 is divided by 423.
0
Calculate the remainder when 1478 is divided by 371.
365
What is the remainder when 10505 is divided by 114?
17
Calculate the remainder when 4652 is divided by 147.
95
Calculate the remainder when 4041126 is divided by 26.
24
What is the remainder when 14529 is divided by 17?
11
What is the remainder when 4433 is divided by 297?
275
Calculate the remainder when 10748 is divided by 96.
92
Calculate the remainder when 3303 is divided by 802.
95
Calculate the remainder when 3415 is divided by 178.
33
What is the remainder when 755 is divided by 29?
1
What is the remainder when 22184 is divided by 9?
8
What is the remainder when 8690 is divided by 106?
104
Calculate the remainder when 45180 is divided by 165.
135
What is the remainder when 4781 is divided by 281?
4
What is the remainder when 506828 is divided by 15?
8
Calculate the remainder when 557 is divided by 517.
40
Calculate the remainder when 12343 is divided by 835.
653
What is the remainder when 251 is divided by 203?
48
What is the remainder when 26603 is divided by 6650?
3
Calculate the remainder when 7528 is divided by 430.
218
Calculate the remainder when 4745 is divided by 95.
90
Calculate the remainder when 7010 is divided by 195.
185
What is the remainder when 71006 is divided by 526?
522
Calculate the remainder when 123163 is divided by 24.
19
What is the remainder when 43486 is divided by 18?
16
What is the remainder when 4130 is divided by 1374?
8
Calculate the remainder when 2256 is divided by 192.
144
Calculate the remainder when 9034 is divided by 1505.
4
Calculate the remainder when 143298 is divided by 527.
481
What is the remainder when 623181 is divided by 98?
97
What is the remainder when 148149 is divided by 788?
5
Calculate the remainder when 806100 is divided by 7328.
20
Calculate the remainder when 13421 is divided by 379.
156
Calculate the remainder when 96095 is divided by 48041.
13
What is